{"id":595,"date":"2018-10-24T08:03:52","date_gmt":"2018-10-24T13:03:52","guid":{"rendered":"http:\/\/www.nationalshunt.com\/?page_id=595"},"modified":"2023-09-25T14:46:46","modified_gmt":"2023-09-25T19:46:46","slug":"demander-une-demonstration-en-direct-de-shuntware","status":"publish","type":"page","link":"https:\/\/www.nationalshunt.com\/frn\/demander-une-demonstration-en-direct-de-shuntware\/","title":{"rendered":"Demander une d\u00e9monstration en direct de Shuntware"},"content":{"rendered":"","protected":false},"excerpt":{"rendered":"","protected":false},"author":13,"featured_media":0,"parent":0,"menu_order":20,"comment_status":"closed","ping_status":"closed","template":"template-request.php","meta":{"_acf_changed":false,"inline_featured_image":false,"footnotes":""},"class_list":["post-595","page","type-page","status-publish","hentry"],"acf":[],"yoast_head":"<!-- This site is optimized with the Yoast SEO plugin v27.0 - https:\/\/yoast.com\/product\/yoast-seo-wordpress\/ -->\n<title>Request a Live Shuntware\u00ae Demo | National Shunt Service<\/title>\n<meta name=\"description\" content=\"See how Shuntware\u00ae can streamline your yard operations with a live demo from NSSL. Our demo includes data-driven examples. Make a request today!\" class=\"yoast-seo-meta-tag\" \/>\n<meta name=\"robots\" content=\"index, follow, max-snippet:-1, max-image-preview:large, max-video-preview:-1\" \/>\n<link rel=\"canonical\" href=\"https:\/\/www.nationalshunt.com\/frn\/demander-une-demonstration-en-direct-de-shuntware\/\" class=\"yoast-seo-meta-tag\" \/>\n<meta property=\"og:locale\" content=\"fr_CA\" class=\"yoast-seo-meta-tag\" \/>\n<meta property=\"og:type\" content=\"article\" class=\"yoast-seo-meta-tag\" \/>\n<meta property=\"og:title\" content=\"Request a Live Shuntware\u00ae Demo | National Shunt Service\" class=\"yoast-seo-meta-tag\" \/>\n<meta property=\"og:description\" content=\"See how Shuntware\u00ae can streamline your yard operations with a live demo from NSSL. Our demo includes data-driven examples. Make a request today!\" class=\"yoast-seo-meta-tag\" \/>\n<meta property=\"og:url\" content=\"https:\/\/www.nationalshunt.com\/frn\/demander-une-demonstration-en-direct-de-shuntware\/\" class=\"yoast-seo-meta-tag\" \/>\n<meta property=\"og:site_name\" content=\"National Shunt Service\" class=\"yoast-seo-meta-tag\" \/>\n<meta property=\"article:modified_time\" content=\"2023-09-25T19:46:46+00:00\" class=\"yoast-seo-meta-tag\" \/>\n<meta name=\"twitter:card\" content=\"summary_large_image\" class=\"yoast-seo-meta-tag\" \/>\n<!-- \/ Yoast SEO plugin. -->","yoast_head_json":{"title":"Demander une d\u00e9monstration en direct de Shuntware\u00ae | National Shunt Service","description":"D\u00e9couvrez comment Shuntware\u00ae peut rationaliser les op\u00e9rations de votre chantier gr\u00e2ce \u00e0 une d\u00e9monstration en direct de NSSL. Notre d\u00e9monstration comprend des exemples bas\u00e9s sur des donn\u00e9es. Faites une demande d\u00e8s aujourd'hui !","robots":{"index":"index","follow":"follow","max-snippet":"max-snippet:-1","max-image-preview":"max-image-preview:large","max-video-preview":"max-video-preview:-1"},"canonical":"https:\/\/www.nationalshunt.com\/frn\/demander-une-demonstration-en-direct-de-shuntware\/","og_locale":"fr_CA","og_type":"article","og_title":"Request a Live Shuntware\u00ae Demo | National Shunt Service","og_description":"See how Shuntware\u00ae can streamline your yard operations with a live demo from NSSL. Our demo includes data-driven examples. Make a request today!","og_url":"https:\/\/www.nationalshunt.com\/frn\/demander-une-demonstration-en-direct-de-shuntware\/","og_site_name":"National Shunt Service","article_modified_time":"2023-09-25T19:46:46+00:00","twitter_card":"summary_large_image","schema":{"@context":"https:\/\/schema.org","@graph":[{"@type":"WebPage","@id":"https:\/\/www.nationalshunt.com\/request-a-live-shuntware-demo\/","url":"https:\/\/www.nationalshunt.com\/request-a-live-shuntware-demo\/","name":"Demander une d\u00e9monstration en direct de Shuntware\u00ae | National Shunt Service","isPartOf":{"@id":"https:\/\/www.nationalshunt.com\/#website"},"datePublished":"2018-10-24T13:03:52+00:00","dateModified":"2023-09-25T19:46:46+00:00","description":"D\u00e9couvrez comment Shuntware\u00ae peut rationaliser les op\u00e9rations de votre chantier gr\u00e2ce \u00e0 une d\u00e9monstration en direct de NSSL. Notre d\u00e9monstration comprend des exemples bas\u00e9s sur des donn\u00e9es. Faites une demande d\u00e8s aujourd'hui !","breadcrumb":{"@id":"https:\/\/www.nationalshunt.com\/request-a-live-shuntware-demo\/#breadcrumb"},"inLanguage":"fr-CA","potentialAction":[{"@type":"ReadAction","target":["https:\/\/www.nationalshunt.com\/request-a-live-shuntware-demo\/"]}]},{"@type":"BreadcrumbList","@id":"https:\/\/www.nationalshunt.com\/request-a-live-shuntware-demo\/#breadcrumb","itemListElement":[{"@type":"ListItem","position":1,"name":"Home","item":"https:\/\/www.nationalshunt.com\/"},{"@type":"ListItem","position":2,"name":"Request a Live Shuntware\u00ae Demo"}]},{"@type":"WebSite","@id":"https:\/\/www.nationalshunt.com\/#website","url":"https:\/\/www.nationalshunt.com\/","name":"Service national de shunt","description":"","potentialAction":[{"@type":"SearchAction","target":{"@type":"EntryPoint","urlTemplate":"https:\/\/www.nationalshunt.com\/?s={search_term_string}"},"query-input":{"@type":"PropertyValueSpecification","valueRequired":true,"valueName":"search_term_string"}}],"inLanguage":"fr-CA"}]}},"_links":{"self":[{"href":"https:\/\/www.nationalshunt.com\/frn\/wp-json\/wp\/v2\/pages\/595","targetHints":{"allow":["GET"]}}],"collection":[{"href":"https:\/\/www.nationalshunt.com\/frn\/wp-json\/wp\/v2\/pages"}],"about":[{"href":"https:\/\/www.nationalshunt.com\/frn\/wp-json\/wp\/v2\/types\/page"}],"author":[{"embeddable":true,"href":"https:\/\/www.nationalshunt.com\/frn\/wp-json\/wp\/v2\/users\/13"}],"replies":[{"embeddable":true,"href":"https:\/\/www.nationalshunt.com\/frn\/wp-json\/wp\/v2\/comments?post=595"}],"version-history":[{"count":0,"href":"https:\/\/www.nationalshunt.com\/frn\/wp-json\/wp\/v2\/pages\/595\/revisions"}],"wp:attachment":[{"href":"https:\/\/www.nationalshunt.com\/frn\/wp-json\/wp\/v2\/media?parent=595"}],"curies":[{"name":"wp","href":"https:\/\/api.w.org\/{rel}","templated":true}]}}